{"id":98,"date":"2014-04-01T07:06:27","date_gmt":"2014-04-01T07:06:27","guid":{"rendered":"http:\/\/aka.elektroflux.net\/kischko\/?page_id=98"},"modified":"2014-04-07T08:46:22","modified_gmt":"2014-04-07T08:46:22","slug":"vertikalanlagen","status":"publish","type":"page","link":"http:\/\/kischko.at\/?page_id=98","title":{"rendered":"VERTIKALANLAGEN"},"content":{"rendered":"<p><img decoding=\"async\" loading=\"lazy\" class=\"alignnone size-full wp-image-99\" alt=\"vertikal0\" src=\"http:\/\/kischko.at\/wp-content\/uploads\/vertikal0.jpg\" width=\"513\" height=\"374\" \/><\/p>\n<h3>Der Sonnenschutz f\u00fcr den modernen Wohn- und B\u00fcroraum. Flexibel und elegant.<br \/>\nDie zur\u00fcckgenommene Formensprache betont die Vertikale und gibt jedem Raum Volumen.<\/h3>\n<p><img decoding=\"async\" loading=\"lazy\" class=\"alignnone size-full wp-image-100\" alt=\"vertikal1\" src=\"http:\/\/kischko.at\/wp-content\/uploads\/vertikal1.jpg\" width=\"513\" height=\"374\" \/><\/p>\n<p><img decoding=\"async\" loading=\"lazy\" class=\"alignnone size-full wp-image-101\" alt=\"vertikal2\" src=\"http:\/\/kischko.at\/wp-content\/uploads\/vertikal2.jpg\" width=\"513\" height=\"374\" \/><\/p>\n<p><img decoding=\"async\" loading=\"lazy\" class=\"alignnone size-full wp-image-102\" alt=\"vertikal3\" src=\"http:\/\/kischko.at\/wp-content\/uploads\/vertikal3.jpg\" width=\"513\" height=\"374\" \/><\/p>\n<p><img decoding=\"async\" loading=\"lazy\" class=\"alignnone size-full wp-image-103\" alt=\"vertikal4\" src=\"http:\/\/kischko.at\/wp-content\/uploads\/vertikal4.jpg\" width=\"513\" height=\"374\" \/><\/p>\n","protected":false},"excerpt":{"rendered":"<p>Der Sonnenschutz f\u00fcr den modernen Wohn- und B\u00fcroraum. Flexibel und elegant. Die zur\u00fcckgenommene Formensprache betont die Vertikale und gibt jedem Raum Volumen.<\/p>\n","protected":false},"author":2,"featured_media":0,"parent":12,"menu_order":6,"comment_status":"closed","ping_status":"closed","template":"","meta":{"footnotes":""},"_links":{"self":[{"href":"http:\/\/kischko.at\/index.php?rest_route=\/wp\/v2\/pages\/98"}],"collection":[{"href":"http:\/\/kischko.at\/index.php?rest_route=\/wp\/v2\/pages"}],"about":[{"href":"http:\/\/kischko.at\/index.php?rest_route=\/wp\/v2\/types\/page"}],"author":[{"embeddable":true,"href":"http:\/\/kischko.at\/index.php?rest_route=\/wp\/v2\/users\/2"}],"replies":[{"embeddable":true,"href":"http:\/\/kischko.at\/index.php?rest_route=%2Fwp%2Fv2%2Fcomments&post=98"}],"version-history":[{"count":2,"href":"http:\/\/kischko.at\/index.php?rest_route=\/wp\/v2\/pages\/98\/revisions"}],"predecessor-version":[{"id":211,"href":"http:\/\/kischko.at\/index.php?rest_route=\/wp\/v2\/pages\/98\/revisions\/211"}],"up":[{"embeddable":true,"href":"http:\/\/kischko.at\/index.php?rest_route=\/wp\/v2\/pages\/12"}],"wp:attachment":[{"href":"http:\/\/kischko.at\/index.php?rest_route=%2Fwp%2Fv2%2Fmedia&parent=98"}],"curies":[{"name":"wp","href":"https:\/\/api.w.org\/{rel}","templated":true}]}}

<p><img decoding="async" loading="lazy" class="alignnone size-full wp-image-99" alt="vertikal0" src="http://kischko.at/wp-content/uploads/vertikal0.jpg" width="513" height="374" /></p>
<h3>Der Sonnenschutz für den modernen Wohn- und Büroraum. Flexibel und elegant.<br />
Die zurückgenommene Formensprache betont die Vertikale und gibt jedem Raum Volumen.</h3>
<p><img decoding="async" loading="lazy" class="alignnone size-full wp-image-100" alt="vertikal1" src="http://kischko.at/wp-content/uploads/vertikal1.jpg" width="513" height="374" /></p>
<p><img decoding="async" loading="lazy" class="alignnone size-full wp-image-101" alt="vertikal2" src="http://kischko.at/wp-content/uploads/vertikal2.jpg" width="513" height="374" /></p>
<p><img decoding="async" loading="lazy" class="alignnone size-full wp-image-102" alt="vertikal3" src="http://kischko.at/wp-content/uploads/vertikal3.jpg" width="513" height="374" /></p>
<p><img decoding="async" loading="lazy" class="alignnone size-full wp-image-103" alt="vertikal4" src="http://kischko.at/wp-content/uploads/vertikal4.jpg" width="513" height="374" /></p>

<p>Der Sonnenschutz für den modernen Wohn- und Büroraum. Flexibel und elegant. Die zurückgenommene Formensprache betont die Vertikale und gibt jedem Raum Volumen.</p>
