{"id":80,"date":"2014-04-01T06:55:40","date_gmt":"2014-04-01T06:55:40","guid":{"rendered":"http:\/\/aka.elektroflux.net\/kischko\/?page_id=80"},"modified":"2014-04-07T08:43:42","modified_gmt":"2014-04-07T08:43:42","slug":"karniesenrundstangen","status":"publish","type":"page","link":"http:\/\/kischko.at\/?page_id=80","title":{"rendered":"VORHANGSTANGEN"},"content":{"rendered":"<p><img decoding=\"async\" loading=\"lazy\" class=\"alignnone size-full wp-image-82\" alt=\"vorhangstangen\" src=\"http:\/\/kischko.at\/wp-content\/uploads\/vorhangstangen.jpg\" width=\"513\" height=\"374\" \/><\/p>\n<h3>Das Zubeh\u00f6r ist genauso wichtig wie die Vorh\u00e4nge, um die optimale Pr\u00e4sentation Ihres Wohnraumes zu erhalten. Lassen Sie sich von unserem Fachpersonal beraten.<\/h3>\n","protected":false},"excerpt":{"rendered":"<p>Das Zubeh\u00f6r ist genauso wichtig wie die Vorh\u00e4nge, um die optimale Pr\u00e4sentation Ihres Wohnraumes zu erhalten. Lassen Sie sich von unserem Fachpersonal beraten.<\/p>\n","protected":false},"author":2,"featured_media":0,"parent":12,"menu_order":2,"comment_status":"closed","ping_status":"closed","template":"","meta":{"footnotes":""},"_links":{"self":[{"href":"http:\/\/kischko.at\/index.php?rest_route=\/wp\/v2\/pages\/80"}],"collection":[{"href":"http:\/\/kischko.at\/index.php?rest_route=\/wp\/v2\/pages"}],"about":[{"href":"http:\/\/kischko.at\/index.php?rest_route=\/wp\/v2\/types\/page"}],"author":[{"embeddable":true,"href":"http:\/\/kischko.at\/index.php?rest_route=\/wp\/v2\/users\/2"}],"replies":[{"embeddable":true,"href":"http:\/\/kischko.at\/index.php?rest_route=%2Fwp%2Fv2%2Fcomments&post=80"}],"version-history":[{"count":2,"href":"http:\/\/kischko.at\/index.php?rest_route=\/wp\/v2\/pages\/80\/revisions"}],"predecessor-version":[{"id":206,"href":"http:\/\/kischko.at\/index.php?rest_route=\/wp\/v2\/pages\/80\/revisions\/206"}],"up":[{"embeddable":true,"href":"http:\/\/kischko.at\/index.php?rest_route=\/wp\/v2\/pages\/12"}],"wp:attachment":[{"href":"http:\/\/kischko.at\/index.php?rest_route=%2Fwp%2Fv2%2Fmedia&parent=80"}],"curies":[{"name":"wp","href":"https:\/\/api.w.org\/{rel}","templated":true}]}}